{"id":151,"date":"2025-10-01T16:17:17","date_gmt":"2025-10-01T14:17:17","guid":{"rendered":"https:\/\/segelflicker.de\/?page_id=151"},"modified":"2025-10-01T16:20:58","modified_gmt":"2025-10-01T14:20:58","slug":"segelflicker-world-wide","status":"publish","type":"page","link":"https:\/\/segelflicker.de\/?page_id=151","title":{"rendered":"Segelflicker World Wide"},"content":{"rendered":"\n<iframe loading=\"lazy\" width=\"100%\" height=\"300px\" frameborder=\"0\" allowfullscreen allow=\"geolocation\" src=\"\/\/umap.openstreetmap.de\/de\/map\/segelflicker-worldwide_98867?scaleControl=false&#038;miniMap=false&#038;scrollWheelZoom=false&#038;zoomControl=true&#038;editMode=disabled&#038;moreControl=true&#038;searchControl=null&#038;tilelayersControl=null&#038;embedControl=null&#038;datalayersControl=true&#038;onLoadPanel=none&#038;captionBar=false&#038;captionMenus=true\"><\/iframe><p><a href=\"\/\/umap.openstreetmap.de\/de\/map\/segelflicker-worldwide_98867?scaleControl=false&#038;miniMap=false&#038;scrollWheelZoom=true&#038;zoomControl=true&#038;editMode=disabled&#038;moreControl=true&#038;searchControl=null&#038;tilelayersControl=null&#038;embedControl=null&#038;datalayersControl=true&#038;onLoadPanel=none&#038;captionBar=false&#038;captionMenus=true\">Vollbildanzeige<\/a><\/p>\n\n\n\n<h2 class=\"wp-block-heading\">In Jedem Land ein Sticker<\/h2>\n\n\n<p>Unsere Mission: In Jedem Land einen Segelflicker Sticker h\u00e4ngen zu haben. Auf der Karte oben kann man alle Aktuellen Orte welche mit einem Segelflicker Sticker versch\u00f6nert wurden sehen, klickt man auf den Pin erscheint zus\u00e4tzlich ein Bild vom jeweiligen Sticker.<\/p>\n<p>Du willst uns bei unserer Mission unterst\u00fctzen? Sprich uns einfach darauf an!<\/p>","protected":false},"excerpt":{"rendered":"<p>Vollbildanzeige In Jedem Land ein Sticker Unsere Mission: In Jedem Land einen Segelflicker Sticker h\u00e4ngen zu haben. Auf der Karte oben kann man alle Aktuellen Orte welche mit einem Segelflicker Sticker versch\u00f6nert wurden sehen, klickt man auf den Pin erscheint zus\u00e4tzlich ein Bild vom jeweiligen Sticker. Du willst uns bei unserer Mission unterst\u00fctzen? Sprich uns einfach darauf an!<\/p>\n","protected":false},"author":2,"featured_media":0,"parent":0,"menu_order":0,"comment_status":"closed","ping_status":"closed","template":"","meta":{"footnotes":""},"class_list":["post-151","page","type-page","status-publish","hentry"],"_links":{"self":[{"href":"https:\/\/segelflicker.de\/index.php?rest_route=\/wp\/v2\/pages\/151","targetHints":{"allow":["GET"]}}],"collection":[{"href":"https:\/\/segelflicker.de\/index.php?rest_route=\/wp\/v2\/pages"}],"about":[{"href":"https:\/\/segelflicker.de\/index.php?rest_route=\/wp\/v2\/types\/page"}],"author":[{"embeddable":true,"href":"https:\/\/segelflicker.de\/index.php?rest_route=\/wp\/v2\/users\/2"}],"replies":[{"embeddable":true,"href":"https:\/\/segelflicker.de\/index.php?rest_route=%2Fwp%2Fv2%2Fcomments&post=151"}],"version-history":[{"count":4,"href":"https:\/\/segelflicker.de\/index.php?rest_route=\/wp\/v2\/pages\/151\/revisions"}],"predecessor-version":[{"id":156,"href":"https:\/\/segelflicker.de\/index.php?rest_route=\/wp\/v2\/pages\/151\/revisions\/156"}],"wp:attachment":[{"href":"https:\/\/segelflicker.de\/index.php?rest_route=%2Fwp%2Fv2%2Fmedia&parent=151"}],"curies":[{"name":"wp","href":"https:\/\/api.w.org\/{rel}","templated":true}]}}